{"id":854,"date":"2016-10-15T13:24:16","date_gmt":"2016-10-15T10:24:16","guid":{"rendered":"http:\/\/www.villareuter.fi\/wordpress\/?page_id=854&#038;lang=sv"},"modified":"2016-10-15T13:24:16","modified_gmt":"2016-10-15T10:24:16","slug":"olkurs","status":"publish","type":"page","link":"https:\/\/www.villareuter.fi\/wordpress\/aktiviteter\/olkurs\/?lang=sv","title":{"rendered":"\u00d6lkurs"},"content":{"rendered":"<p><a href=\"http:\/\/www.villareuter.fi\/wordpress\/aktiviteter\/?lang=sv\/\">Aktiviteter<\/a>&#8212;&#8211;<a href=\"http:\/\/www.villareuter.fi\/wordpress\/aktiviteter\/osttillverkning\/?lang=sv\/\">Ost<\/a>&#8212;&#8211;<a href=\"http:\/\/www.villareuter.fi\/wordpress\/fiske\/?lang=sv\/\">Fiske<\/a>&#8212;&#8211;<a href=\"http:\/\/www.villareuter.fi\/wordpress\/aktiviteter\/olkurs\/?lang=sv\/\">\u00d6lkurs<\/a>&#8212;&#8211;<a href=\"http:\/\/www.villareuter.fi\/wordpress\/aktiviteter\/chokladkurs\/?lang=sv\/\">Chokladkurs<\/a><\/p>\n<div class=\"osa\">\n<h2><strong>\u00d6LKURS med \u201dBrew in bag\u201d metoden<\/strong><\/h2>\n<p>Iden med kursen \u00e4r att visa enkel \u00f6lbryggning i hemmaf\u00f6rh\u00e5llanden, med speciell tyngdpunkt p\u00e5 de moment d\u00e4r felen oftast beg\u00e5s. Vi anv\u00e4nder oss av alla redskap som beh\u00f6vs f\u00f6r framst\u00e4llning av \u00f6l. Vi smakar av \u00f6l som tillverkats p\u00e5 tidigare kurser och g\u00e5r igenom skillnaderna mellan olika \u00f6ltyper.<\/p>\n<p><a href=\"http:\/\/www.villareuter.fi\/wordpress\/wp-content\/uploads\/274.jpg\"><img loading=\"lazy\" decoding=\"async\" class=\"alignleft wp-image-646 size-full\" src=\"http:\/\/www.villareuter.fi\/wordpress\/wp-content\/uploads\/274.jpg\" alt=\"Olutkurssi 274 \" width=\"574\" height=\"476\" \/><\/a><br \/>\nKursen tar 90min. men kan komprimeras till ca. 30-45 min.<br \/>\nM\u00e4sken har kokats i 60-90 min f\u00f6re kursen b\u00f6rjar.<\/p>\n<p>Vi b\u00f6rjar med att koka \u00f6len (ca. 60min)<br \/>\n&#8211; Vi g\u00e5r igenom receptet och tittat p\u00e5 alternativa recept.<br \/>\n&#8211; Vi v\u00e4ger upp humle m\u00e4ngderna och st\u00e4ller in klockan s\u00e5 att den ringer f\u00f6r varje humledos som skall tills\u00e4ttas<br \/>\n&#8211; Under kokningen ber\u00e4ttar vi vad som gjorts innan kursdeltagarna kommit<br \/>\n&#8211; Vi visar hur flasks\u00e4ttningen g\u00e5r till och g\u00e5r igenom viktiga detaljer ang\u00e5ende hygienen.<br \/>\n&#8211; Nedkylning av \u00f6let.<br \/>\n&#8211; J\u00e4sk\u00e4rlet desinfieras och \u00f6let tappas p\u00e5 j\u00e4sk\u00e4rlet<\/p>\n<p>&nbsp;<br \/>\n[\/mantra-column] [\/mantra-multi]<\/p>\n<!-- index.php -->\n<div\n\tclass=\"ngg-galleryoverview\n\t ngg-ajax-pagination-none\t\"\n\tid=\"ngg-gallery-a82c32e76719107c71516bf6425dbcc4-1\">\n\n\t\t<div class=\"slideshowlink\">\n\t\t<a href='https:\/\/www.villareuter.fi\/wordpress\/aktiviteter\/olkurs\/nggallery\/slideshow?lang=sv'>[Show slideshow]<\/a>\n\t\t\n\t<\/div>\n\t\t\t<!-- Thumbnails -->\n\t\t\t\t<div id=\"ngg-image-0\" class=\"ngg-gallery-thumbnail-box\" \n\t\t\t\t\t\t\t\t\t\t\t>\n\t\t\t\t\t\t<div class=\"ngg-gallery-thumbnail\">\n\t\t\t<a href=\"https:\/\/www.villareuter.fi\/wordpress\/wp-content\/gallery\/olutkurssi\/270.jpg\"\n\t\t\t\ttitle=\"\"\n\t\t\t\tdata-src=\"https:\/\/www.villareuter.fi\/wordpress\/wp-content\/gallery\/olutkurssi\/270.jpg\"\n\t\t\t\tdata-thumbnail=\"https:\/\/www.villareuter.fi\/wordpress\/wp-content\/gallery\/olutkurssi\/thumbs\/thumbs_270.jpg\"\n\t\t\t\tdata-image-id=\"174\"\n\t\t\t\tdata-title=\"270\"\n\t\t\t\tdata-description=\"\"\n\t\t\t\tdata-image-slug=\"270-2\"\n\t\t\t\tclass=\"ngg-fancybox\" rel=\"a82c32e76719107c71516bf6425dbcc4\">\n\t\t\t\t<img\n\t\t\t\t\ttitle=\"270\"\n\t\t\t\t\talt=\"270\"\n\t\t\t\t\tsrc=\"https:\/\/www.villareuter.fi\/wordpress\/wp-content\/gallery\/olutkurssi\/thumbs\/thumbs_270.jpg\"\n\t\t\t\t\twidth=\"120\"\n\t\t\t\t\theight=\"90\"\n\t\t\t\t\tstyle=\"max-width:100%;\"\n\t\t\t\t\/>\n\t\t\t<\/a>\n\t\t<\/div>\n\t\t\t\t\t\t\t<\/div> \n\t\t\t\n\t\t\n\t\t\t\t<div id=\"ngg-image-1\" class=\"ngg-gallery-thumbnail-box\" \n\t\t\t\t\t\t\t\t\t\t\t>\n\t\t\t\t\t\t<div class=\"ngg-gallery-thumbnail\">\n\t\t\t<a href=\"https:\/\/www.villareuter.fi\/wordpress\/wp-content\/gallery\/olutkurssi\/274.jpg\"\n\t\t\t\ttitle=\"\"\n\t\t\t\tdata-src=\"https:\/\/www.villareuter.fi\/wordpress\/wp-content\/gallery\/olutkurssi\/274.jpg\"\n\t\t\t\tdata-thumbnail=\"https:\/\/www.villareuter.fi\/wordpress\/wp-content\/gallery\/olutkurssi\/thumbs\/thumbs_274.jpg\"\n\t\t\t\tdata-image-id=\"175\"\n\t\t\t\tdata-title=\"274\"\n\t\t\t\tdata-description=\"\"\n\t\t\t\tdata-image-slug=\"274-2\"\n\t\t\t\tclass=\"ngg-fancybox\" rel=\"a82c32e76719107c71516bf6425dbcc4\">\n\t\t\t\t<img\n\t\t\t\t\ttitle=\"274\"\n\t\t\t\t\talt=\"274\"\n\t\t\t\t\tsrc=\"https:\/\/www.villareuter.fi\/wordpress\/wp-content\/gallery\/olutkurssi\/thumbs\/thumbs_274.jpg\"\n\t\t\t\t\twidth=\"120\"\n\t\t\t\t\theight=\"90\"\n\t\t\t\t\tstyle=\"max-width:100%;\"\n\t\t\t\t\/>\n\t\t\t<\/a>\n\t\t<\/div>\n\t\t\t\t\t\t\t<\/div> \n\t\t\t\n\t\t\n\t\t\t\t<div id=\"ngg-image-2\" class=\"ngg-gallery-thumbnail-box\" \n\t\t\t\t\t\t\t\t\t\t\t>\n\t\t\t\t\t\t<div class=\"ngg-gallery-thumbnail\">\n\t\t\t<a href=\"https:\/\/www.villareuter.fi\/wordpress\/wp-content\/gallery\/olutkurssi\/img_5412.jpg\"\n\t\t\t\ttitle=\"\"\n\t\t\t\tdata-src=\"https:\/\/www.villareuter.fi\/wordpress\/wp-content\/gallery\/olutkurssi\/img_5412.jpg\"\n\t\t\t\tdata-thumbnail=\"https:\/\/www.villareuter.fi\/wordpress\/wp-content\/gallery\/olutkurssi\/thumbs\/thumbs_img_5412.jpg\"\n\t\t\t\tdata-image-id=\"176\"\n\t\t\t\tdata-title=\"img_5412\"\n\t\t\t\tdata-description=\"\"\n\t\t\t\tdata-image-slug=\"img_5412\"\n\t\t\t\tclass=\"ngg-fancybox\" rel=\"a82c32e76719107c71516bf6425dbcc4\">\n\t\t\t\t<img\n\t\t\t\t\ttitle=\"img_5412\"\n\t\t\t\t\talt=\"img_5412\"\n\t\t\t\t\tsrc=\"https:\/\/www.villareuter.fi\/wordpress\/wp-content\/gallery\/olutkurssi\/thumbs\/thumbs_img_5412.jpg\"\n\t\t\t\t\twidth=\"120\"\n\t\t\t\t\theight=\"90\"\n\t\t\t\t\tstyle=\"max-width:100%;\"\n\t\t\t\t\/>\n\t\t\t<\/a>\n\t\t<\/div>\n\t\t\t\t\t\t\t<\/div> \n\t\t\t\n\t\t\n\t\t\t\t<div id=\"ngg-image-3\" class=\"ngg-gallery-thumbnail-box\" \n\t\t\t\t\t\t\t\t\t\t\t>\n\t\t\t\t\t\t<div class=\"ngg-gallery-thumbnail\">\n\t\t\t<a href=\"https:\/\/www.villareuter.fi\/wordpress\/wp-content\/gallery\/olutkurssi\/img_6281.jpg\"\n\t\t\t\ttitle=\"\"\n\t\t\t\tdata-src=\"https:\/\/www.villareuter.fi\/wordpress\/wp-content\/gallery\/olutkurssi\/img_6281.jpg\"\n\t\t\t\tdata-thumbnail=\"https:\/\/www.villareuter.fi\/wordpress\/wp-content\/gallery\/olutkurssi\/thumbs\/thumbs_img_6281.jpg\"\n\t\t\t\tdata-image-id=\"177\"\n\t\t\t\tdata-title=\"img_6281\"\n\t\t\t\tdata-description=\"\"\n\t\t\t\tdata-image-slug=\"img_6281\"\n\t\t\t\tclass=\"ngg-fancybox\" rel=\"a82c32e76719107c71516bf6425dbcc4\">\n\t\t\t\t<img\n\t\t\t\t\ttitle=\"img_6281\"\n\t\t\t\t\talt=\"img_6281\"\n\t\t\t\t\tsrc=\"https:\/\/www.villareuter.fi\/wordpress\/wp-content\/gallery\/olutkurssi\/thumbs\/thumbs_img_6281.jpg\"\n\t\t\t\t\twidth=\"120\"\n\t\t\t\t\theight=\"90\"\n\t\t\t\t\tstyle=\"max-width:100%;\"\n\t\t\t\t\/>\n\t\t\t<\/a>\n\t\t<\/div>\n\t\t\t\t\t\t\t<\/div> \n\t\t\t\n\t\t\n\t\t\t\t<div id=\"ngg-image-4\" class=\"ngg-gallery-thumbnail-box\" \n\t\t\t\t\t\t\t\t\t\t\t>\n\t\t\t\t\t\t<div class=\"ngg-gallery-thumbnail\">\n\t\t\t<a href=\"https:\/\/www.villareuter.fi\/wordpress\/wp-content\/gallery\/olutkurssi\/img_6565.jpg\"\n\t\t\t\ttitle=\"\"\n\t\t\t\tdata-src=\"https:\/\/www.villareuter.fi\/wordpress\/wp-content\/gallery\/olutkurssi\/img_6565.jpg\"\n\t\t\t\tdata-thumbnail=\"https:\/\/www.villareuter.fi\/wordpress\/wp-content\/gallery\/olutkurssi\/thumbs\/thumbs_img_6565.jpg\"\n\t\t\t\tdata-image-id=\"178\"\n\t\t\t\tdata-title=\"img_6565\"\n\t\t\t\tdata-description=\"\"\n\t\t\t\tdata-image-slug=\"img_6565\"\n\t\t\t\tclass=\"ngg-fancybox\" rel=\"a82c32e76719107c71516bf6425dbcc4\">\n\t\t\t\t<img\n\t\t\t\t\ttitle=\"img_6565\"\n\t\t\t\t\talt=\"img_6565\"\n\t\t\t\t\tsrc=\"https:\/\/www.villareuter.fi\/wordpress\/wp-content\/gallery\/olutkurssi\/thumbs\/thumbs_img_6565.jpg\"\n\t\t\t\t\twidth=\"120\"\n\t\t\t\t\theight=\"90\"\n\t\t\t\t\tstyle=\"max-width:100%;\"\n\t\t\t\t\/>\n\t\t\t<\/a>\n\t\t<\/div>\n\t\t\t\t\t\t\t<\/div> \n\t\t\t\n\t\t\n\t\t\t\t<div id=\"ngg-image-5\" class=\"ngg-gallery-thumbnail-box\" \n\t\t\t\t\t\t\t\t\t\t\t>\n\t\t\t\t\t\t<div class=\"ngg-gallery-thumbnail\">\n\t\t\t<a href=\"https:\/\/www.villareuter.fi\/wordpress\/wp-content\/gallery\/olutkurssi\/img_6570.jpg\"\n\t\t\t\ttitle=\"\"\n\t\t\t\tdata-src=\"https:\/\/www.villareuter.fi\/wordpress\/wp-content\/gallery\/olutkurssi\/img_6570.jpg\"\n\t\t\t\tdata-thumbnail=\"https:\/\/www.villareuter.fi\/wordpress\/wp-content\/gallery\/olutkurssi\/thumbs\/thumbs_img_6570.jpg\"\n\t\t\t\tdata-image-id=\"179\"\n\t\t\t\tdata-title=\"img_6570\"\n\t\t\t\tdata-description=\"\"\n\t\t\t\tdata-image-slug=\"img_6570\"\n\t\t\t\tclass=\"ngg-fancybox\" rel=\"a82c32e76719107c71516bf6425dbcc4\">\n\t\t\t\t<img\n\t\t\t\t\ttitle=\"img_6570\"\n\t\t\t\t\talt=\"img_6570\"\n\t\t\t\t\tsrc=\"https:\/\/www.villareuter.fi\/wordpress\/wp-content\/gallery\/olutkurssi\/thumbs\/thumbs_img_6570.jpg\"\n\t\t\t\t\twidth=\"120\"\n\t\t\t\t\theight=\"90\"\n\t\t\t\t\tstyle=\"max-width:100%;\"\n\t\t\t\t\/>\n\t\t\t<\/a>\n\t\t<\/div>\n\t\t\t\t\t\t\t<\/div> \n\t\t\t\n\t\t\n\t\t\n\t\t<!-- Pagination -->\n\t\t<div class='ngg-clear'><\/div>\t<\/div>\n\n<p>R\u00c5VAROR OCH UTRUSTNING F\u00d6R TILLVERKNING AV 16-18 LITER\u00a0 \u00d6L<\/p>\n<p>MALT 5-6 kg ( ca. 2,5\u20ac\/kg )<br \/>\nHUMLE 100-150g ( ca. 3-5\u20ac\/100g )<br \/>\n\u00d6LJ\u00c4ST ( ca. 3\u20ac )<br \/>\nKLARNINGSMEDEL ( ca. 0,5 \u20ac )<\/p>\n<p>KASTRULL 25-36 LITER ( ca.150\u20ac Chez Marius )<br \/>\nKASTRULLENS V\u00c4RMEISOLERING ( Retkipatja ca.8\u20ac Hong Kong )<br \/>\nKYLAPPARATUR ( ca. 15\u20ac )<br \/>\nSILDUK (ca. 5\u20ac\/kpl kotiviini.fi)<br \/>\nTERMOMETER (ca. 10\u20ac Chez Marius)<br \/>\nDENSITETSM\u00c4TARE + lasi ((ca. 5\u20ac+4\u20ac\/st kotiviini.fi)<br \/>\nV\u00c5G ( ca. 20\u20ac Chez Marius)<br \/>\nSLEV ( ca. 5\u20ac Friteerauskauha Ikea)<br \/>\nDURCHLAG ( ca. 8\u20ac Ikea)<br \/>\nJ\u00c4SK\u00c4RL 2 ST (ca. 15\u20ac\/st kotiviini.fi)<br \/>\nVATTENL\u00c5S + PACKNING (ca. 3\u20ac\/st kotiviini.fi)<br \/>\nVIINILAPPO (ca. 5\u20ac\/st kotiviini.fi)<br \/>\nINJEKTOR (ca.4\u20ac\/st Chez Marius)<br \/>\nDESINFEKTIONSMEDEL (ca. 3\u20ac\/st kotiviini.fi)<br \/>\nTESKEDSM\u00c5TT (ca. 1\u20ac)<br \/>\nKORKS\u00c4TTARE (ca. 17\u20ac\/stkotiviini.fi)<br \/>\nKORKAR (ca. 2,3\u20ac\/80st kotiviini.fi)<br \/>\nFLASKOR<br \/>\nFLASKBORSTE (ca. 3\u20ac)<\/p>\n<p>TILL\u00c4GGSUPPGIFTER OCH RECEPT (Brew in a bag, \u201dBIAB\u201d) TEX FR\u00c5N F\u00d6LJANDE ADRESSER:<\/p>\n<p>WWW.SHBF.SE<br \/>\nWWW.BREWCAT.FI<br \/>\nWWW.HUMLEGARDEN.SE<br \/>\nWWW.BREWMATE.NET<br \/>\nWWW.AUSSIEHOMEBREWER.COM<br \/>\nWWW.BEERSMITH.COM<\/p>\n<\/div>\n","protected":false},"excerpt":{"rendered":"<p>Aktiviteter&#8212;&#8211;Ost&#8212;&#8211;Fiske&#8212;&#8211;\u00d6lkurs&#8212;&#8211;Chokladkurs \u00d6LKURS med \u201dBrew in bag\u201d metoden Iden med kursen \u00e4r att visa enkel \u00f6lbryggning i hemmaf\u00f6rh\u00e5llanden, med speciell tyngdpunkt p\u00e5 de moment d\u00e4r felen oftast beg\u00e5s. Vi anv\u00e4nder oss \u2026 <a class=\"continue-reading-link\" href=\"https:\/\/www.villareuter.fi\/wordpress\/aktiviteter\/olkurs\/?lang=sv\">Lue lis\u00e4\u00e4 <span class=\"meta-nav\">&rarr; <\/span><\/a><\/p>\n","protected":false},"author":1,"featured_media":0,"parent":845,"menu_order":0,"comment_status":"closed","ping_status":"closed","template":"","meta":{"om_disable_all_campaigns":false,"_monsterinsights_skip_tracking":false,"_monsterinsights_sitenote_active":false,"_monsterinsights_sitenote_note":"","_monsterinsights_sitenote_category":0,"_uf_show_specific_survey":0,"_uf_disable_surveys":false,"ngg_post_thumbnail":0,"footnotes":""},"_links":{"self":[{"href":"https:\/\/www.villareuter.fi\/wordpress\/wp-json\/wp\/v2\/pages\/854"}],"collection":[{"href":"https:\/\/www.villareuter.fi\/wordpress\/wp-json\/wp\/v2\/pages"}],"about":[{"href":"https:\/\/www.villareuter.fi\/wordpress\/wp-json\/wp\/v2\/types\/page"}],"author":[{"embeddable":true,"href":"https:\/\/www.villareuter.fi\/wordpress\/wp-json\/wp\/v2\/users\/1"}],"replies":[{"embeddable":true,"href":"https:\/\/www.villareuter.fi\/wordpress\/wp-json\/wp\/v2\/comments?post=854"}],"version-history":[{"count":1,"href":"https:\/\/www.villareuter.fi\/wordpress\/wp-json\/wp\/v2\/pages\/854\/revisions"}],"predecessor-version":[{"id":855,"href":"https:\/\/www.villareuter.fi\/wordpress\/wp-json\/wp\/v2\/pages\/854\/revisions\/855"}],"up":[{"embeddable":true,"href":"https:\/\/www.villareuter.fi\/wordpress\/wp-json\/wp\/v2\/pages\/845"}],"wp:attachment":[{"href":"https:\/\/www.villareuter.fi\/wordpress\/wp-json\/wp\/v2\/media?parent=854"}],"curies":[{"name":"wp","href":"https:\/\/api.w.org\/{rel}","templated":true}]}}