{"id":74,"date":"2013-11-26T23:22:38","date_gmt":"2013-11-26T21:22:38","guid":{"rendered":"http:\/\/www.villareuter.fi\/wordpress\/?page_id=74"},"modified":"2014-01-26T18:57:48","modified_gmt":"2014-01-26T16:57:48","slug":"veneet","status":"publish","type":"page","link":"https:\/\/www.villareuter.fi\/wordpress\/veneet\/","title":{"rendered":"Veneet"},"content":{"rendered":"<p>P\u00c4IV\u00c4 MERELL\u00c4<\/p>\n<p><a href=\"https:\/\/www.villareuter.fi\/wordpress\/veneet\/\/\">Veneet<\/a>&#8212;&#8211;<a href=\"https:\/\/www.villareuter.fi\/wordpress\/veneet\/kuljetus\/\/\">Kuljetus<\/a>&#8212;&#8211;<a href=\"https:\/\/www.villareuter.fi\/wordpress\/veneet\/purjehdus\/\/\">Purjehdus<\/a><\/p>\n<p><a href=\"http:\/\/www.villareuter.fi\/wordpress\/wp-content\/uploads\/IMG_6263.jpg\"><img loading=\"lazy\" decoding=\"async\" class=\"alignleft size-large wp-image-764\" alt=\"P\u00e4iv\u00e4 merell\u00e4 IMG_6263\" src=\"http:\/\/www.villareuter.fi\/wordpress\/wp-content\/uploads\/IMG_6263-1024x682.jpg\" width=\"403\" height=\"347\" \/><\/a><\/p>\n<p>&nbsp;<\/p>\n<p>&nbsp;<\/p>\n<p>&nbsp;<\/p>\n<p>&nbsp;<\/p>\n<p>&nbsp;<\/p>\n<p>&nbsp;<\/p>\n<p>&nbsp;<\/p>\n<p>Mik\u00e4li haluat viett\u00e4\u00e4 osan p\u00e4iv\u00e4st\u00e4si merell\u00e4 tarjoamme siihen monta vaihtoehtoa<\/p>\n<!-- index.php -->\n<div\n\tclass=\"ngg-galleryoverview\n\t ngg-ajax-pagination-none\t\"\n\tid=\"ngg-gallery-3001d8c8ef5c9a654dcb02d44faaabec-1\">\n\n\t\t<div class=\"slideshowlink\">\n\t\t<a href='https:\/\/www.villareuter.fi\/wordpress\/veneet\/nggallery\/slideshow'>[Show slideshow]<\/a>\n\t\t\n\t<\/div>\n\t\t\t<!-- Thumbnails -->\n\t\t\t\t<div id=\"ngg-image-0\" class=\"ngg-gallery-thumbnail-box\" \n\t\t\t\t\t\t\t\t\t\t\t>\n\t\t\t\t\t\t<div class=\"ngg-gallery-thumbnail\">\n\t\t\t<a href=\"https:\/\/www.villareuter.fi\/wordpress\/wp-content\/gallery\/pienveneet\/img_4244.jpg\"\n\t\t\t\ttitle=\" \"\n\t\t\t\tdata-src=\"https:\/\/www.villareuter.fi\/wordpress\/wp-content\/gallery\/pienveneet\/img_4244.jpg\"\n\t\t\t\tdata-thumbnail=\"https:\/\/www.villareuter.fi\/wordpress\/wp-content\/gallery\/pienveneet\/thumbs\/thumbs_img_4244.jpg\"\n\t\t\t\tdata-image-id=\"195\"\n\t\t\t\tdata-title=\"img_4244\"\n\t\t\t\tdata-description=\" \"\n\t\t\t\tdata-image-slug=\"img_4244\"\n\t\t\t\tclass=\"ngg-fancybox\" rel=\"3001d8c8ef5c9a654dcb02d44faaabec\">\n\t\t\t\t<img\n\t\t\t\t\ttitle=\"img_4244\"\n\t\t\t\t\talt=\"img_4244\"\n\t\t\t\t\tsrc=\"https:\/\/www.villareuter.fi\/wordpress\/wp-content\/gallery\/pienveneet\/thumbs\/thumbs_img_4244.jpg\"\n\t\t\t\t\twidth=\"120\"\n\t\t\t\t\theight=\"90\"\n\t\t\t\t\tstyle=\"max-width:100%;\"\n\t\t\t\t\/>\n\t\t\t<\/a>\n\t\t<\/div>\n\t\t\t\t\t\t\t<\/div> \n\t\t\t\n\t\t\n\t\t\t\t<div id=\"ngg-image-1\" class=\"ngg-gallery-thumbnail-box\" \n\t\t\t\t\t\t\t\t\t\t\t>\n\t\t\t\t\t\t<div class=\"ngg-gallery-thumbnail\">\n\t\t\t<a href=\"https:\/\/www.villareuter.fi\/wordpress\/wp-content\/gallery\/pienveneet\/img_4257.jpg\"\n\t\t\t\ttitle=\" \"\n\t\t\t\tdata-src=\"https:\/\/www.villareuter.fi\/wordpress\/wp-content\/gallery\/pienveneet\/img_4257.jpg\"\n\t\t\t\tdata-thumbnail=\"https:\/\/www.villareuter.fi\/wordpress\/wp-content\/gallery\/pienveneet\/thumbs\/thumbs_img_4257.jpg\"\n\t\t\t\tdata-image-id=\"196\"\n\t\t\t\tdata-title=\"img_4257\"\n\t\t\t\tdata-description=\" \"\n\t\t\t\tdata-image-slug=\"img_4257-2\"\n\t\t\t\tclass=\"ngg-fancybox\" rel=\"3001d8c8ef5c9a654dcb02d44faaabec\">\n\t\t\t\t<img\n\t\t\t\t\ttitle=\"img_4257\"\n\t\t\t\t\talt=\"img_4257\"\n\t\t\t\t\tsrc=\"https:\/\/www.villareuter.fi\/wordpress\/wp-content\/gallery\/pienveneet\/thumbs\/thumbs_img_4257.jpg\"\n\t\t\t\t\twidth=\"120\"\n\t\t\t\t\theight=\"90\"\n\t\t\t\t\tstyle=\"max-width:100%;\"\n\t\t\t\t\/>\n\t\t\t<\/a>\n\t\t<\/div>\n\t\t\t\t\t\t\t<\/div> \n\t\t\t\n\t\t\n\t\t\t\t<div id=\"ngg-image-2\" class=\"ngg-gallery-thumbnail-box\" \n\t\t\t\t\t\t\t\t\t\t\t>\n\t\t\t\t\t\t<div class=\"ngg-gallery-thumbnail\">\n\t\t\t<a href=\"https:\/\/www.villareuter.fi\/wordpress\/wp-content\/gallery\/pienveneet\/img_4341.jpg\"\n\t\t\t\ttitle=\" \"\n\t\t\t\tdata-src=\"https:\/\/www.villareuter.fi\/wordpress\/wp-content\/gallery\/pienveneet\/img_4341.jpg\"\n\t\t\t\tdata-thumbnail=\"https:\/\/www.villareuter.fi\/wordpress\/wp-content\/gallery\/pienveneet\/thumbs\/thumbs_img_4341.jpg\"\n\t\t\t\tdata-image-id=\"197\"\n\t\t\t\tdata-title=\"img_4341\"\n\t\t\t\tdata-description=\" \"\n\t\t\t\tdata-image-slug=\"img_4341\"\n\t\t\t\tclass=\"ngg-fancybox\" rel=\"3001d8c8ef5c9a654dcb02d44faaabec\">\n\t\t\t\t<img\n\t\t\t\t\ttitle=\"img_4341\"\n\t\t\t\t\talt=\"img_4341\"\n\t\t\t\t\tsrc=\"https:\/\/www.villareuter.fi\/wordpress\/wp-content\/gallery\/pienveneet\/thumbs\/thumbs_img_4341.jpg\"\n\t\t\t\t\twidth=\"120\"\n\t\t\t\t\theight=\"90\"\n\t\t\t\t\tstyle=\"max-width:100%;\"\n\t\t\t\t\/>\n\t\t\t<\/a>\n\t\t<\/div>\n\t\t\t\t\t\t\t<\/div> \n\t\t\t\n\t\t\n\t\t\t\t<div id=\"ngg-image-3\" class=\"ngg-gallery-thumbnail-box\" \n\t\t\t\t\t\t\t\t\t\t\t>\n\t\t\t\t\t\t<div class=\"ngg-gallery-thumbnail\">\n\t\t\t<a href=\"https:\/\/www.villareuter.fi\/wordpress\/wp-content\/gallery\/pienveneet\/img_6001.jpg\"\n\t\t\t\ttitle=\" \"\n\t\t\t\tdata-src=\"https:\/\/www.villareuter.fi\/wordpress\/wp-content\/gallery\/pienveneet\/img_6001.jpg\"\n\t\t\t\tdata-thumbnail=\"https:\/\/www.villareuter.fi\/wordpress\/wp-content\/gallery\/pienveneet\/thumbs\/thumbs_img_6001.jpg\"\n\t\t\t\tdata-image-id=\"198\"\n\t\t\t\tdata-title=\"img_6001\"\n\t\t\t\tdata-description=\" \"\n\t\t\t\tdata-image-slug=\"img_6001\"\n\t\t\t\tclass=\"ngg-fancybox\" rel=\"3001d8c8ef5c9a654dcb02d44faaabec\">\n\t\t\t\t<img\n\t\t\t\t\ttitle=\"img_6001\"\n\t\t\t\t\talt=\"img_6001\"\n\t\t\t\t\tsrc=\"https:\/\/www.villareuter.fi\/wordpress\/wp-content\/gallery\/pienveneet\/thumbs\/thumbs_img_6001.jpg\"\n\t\t\t\t\twidth=\"120\"\n\t\t\t\t\theight=\"90\"\n\t\t\t\t\tstyle=\"max-width:100%;\"\n\t\t\t\t\/>\n\t\t\t<\/a>\n\t\t<\/div>\n\t\t\t\t\t\t\t<\/div> \n\t\t\t\n\t\t\n\t\t\t\t<div id=\"ngg-image-4\" class=\"ngg-gallery-thumbnail-box\" \n\t\t\t\t\t\t\t\t\t\t\t>\n\t\t\t\t\t\t<div class=\"ngg-gallery-thumbnail\">\n\t\t\t<a href=\"https:\/\/www.villareuter.fi\/wordpress\/wp-content\/gallery\/pienveneet\/img_6157.jpg\"\n\t\t\t\ttitle=\" \"\n\t\t\t\tdata-src=\"https:\/\/www.villareuter.fi\/wordpress\/wp-content\/gallery\/pienveneet\/img_6157.jpg\"\n\t\t\t\tdata-thumbnail=\"https:\/\/www.villareuter.fi\/wordpress\/wp-content\/gallery\/pienveneet\/thumbs\/thumbs_img_6157.jpg\"\n\t\t\t\tdata-image-id=\"199\"\n\t\t\t\tdata-title=\"img_6157\"\n\t\t\t\tdata-description=\" \"\n\t\t\t\tdata-image-slug=\"img_6157\"\n\t\t\t\tclass=\"ngg-fancybox\" rel=\"3001d8c8ef5c9a654dcb02d44faaabec\">\n\t\t\t\t<img\n\t\t\t\t\ttitle=\"img_6157\"\n\t\t\t\t\talt=\"img_6157\"\n\t\t\t\t\tsrc=\"https:\/\/www.villareuter.fi\/wordpress\/wp-content\/gallery\/pienveneet\/thumbs\/thumbs_img_6157.jpg\"\n\t\t\t\t\twidth=\"120\"\n\t\t\t\t\theight=\"90\"\n\t\t\t\t\tstyle=\"max-width:100%;\"\n\t\t\t\t\/>\n\t\t\t<\/a>\n\t\t<\/div>\n\t\t\t\t\t\t\t<\/div> \n\t\t\t\n\t\t\n\t\t\t\t<div id=\"ngg-image-5\" class=\"ngg-gallery-thumbnail-box\" \n\t\t\t\t\t\t\t\t\t\t\t>\n\t\t\t\t\t\t<div class=\"ngg-gallery-thumbnail\">\n\t\t\t<a href=\"https:\/\/www.villareuter.fi\/wordpress\/wp-content\/gallery\/pienveneet\/img_6160.jpg\"\n\t\t\t\ttitle=\" \"\n\t\t\t\tdata-src=\"https:\/\/www.villareuter.fi\/wordpress\/wp-content\/gallery\/pienveneet\/img_6160.jpg\"\n\t\t\t\tdata-thumbnail=\"https:\/\/www.villareuter.fi\/wordpress\/wp-content\/gallery\/pienveneet\/thumbs\/thumbs_img_6160.jpg\"\n\t\t\t\tdata-image-id=\"200\"\n\t\t\t\tdata-title=\"img_6160\"\n\t\t\t\tdata-description=\" \"\n\t\t\t\tdata-image-slug=\"img_6160\"\n\t\t\t\tclass=\"ngg-fancybox\" rel=\"3001d8c8ef5c9a654dcb02d44faaabec\">\n\t\t\t\t<img\n\t\t\t\t\ttitle=\"img_6160\"\n\t\t\t\t\talt=\"img_6160\"\n\t\t\t\t\tsrc=\"https:\/\/www.villareuter.fi\/wordpress\/wp-content\/gallery\/pienveneet\/thumbs\/thumbs_img_6160.jpg\"\n\t\t\t\t\twidth=\"120\"\n\t\t\t\t\theight=\"90\"\n\t\t\t\t\tstyle=\"max-width:100%;\"\n\t\t\t\t\/>\n\t\t\t<\/a>\n\t\t<\/div>\n\t\t\t\t\t\t\t<\/div> \n\t\t\t\n\t\t\n\t\t\t\t<div id=\"ngg-image-6\" class=\"ngg-gallery-thumbnail-box\" \n\t\t\t\t\t\t\t\t\t\t\t>\n\t\t\t\t\t\t<div class=\"ngg-gallery-thumbnail\">\n\t\t\t<a href=\"https:\/\/www.villareuter.fi\/wordpress\/wp-content\/gallery\/pienveneet\/img_6225.jpg\"\n\t\t\t\ttitle=\" \"\n\t\t\t\tdata-src=\"https:\/\/www.villareuter.fi\/wordpress\/wp-content\/gallery\/pienveneet\/img_6225.jpg\"\n\t\t\t\tdata-thumbnail=\"https:\/\/www.villareuter.fi\/wordpress\/wp-content\/gallery\/pienveneet\/thumbs\/thumbs_img_6225.jpg\"\n\t\t\t\tdata-image-id=\"201\"\n\t\t\t\tdata-title=\"img_6225\"\n\t\t\t\tdata-description=\" \"\n\t\t\t\tdata-image-slug=\"img_6225\"\n\t\t\t\tclass=\"ngg-fancybox\" rel=\"3001d8c8ef5c9a654dcb02d44faaabec\">\n\t\t\t\t<img\n\t\t\t\t\ttitle=\"img_6225\"\n\t\t\t\t\talt=\"img_6225\"\n\t\t\t\t\tsrc=\"https:\/\/www.villareuter.fi\/wordpress\/wp-content\/gallery\/pienveneet\/thumbs\/thumbs_img_6225.jpg\"\n\t\t\t\t\twidth=\"120\"\n\t\t\t\t\theight=\"90\"\n\t\t\t\t\tstyle=\"max-width:100%;\"\n\t\t\t\t\/>\n\t\t\t<\/a>\n\t\t<\/div>\n\t\t\t\t\t\t\t<\/div> \n\t\t\t\n\t\t\n\t\t\t\t<div id=\"ngg-image-7\" class=\"ngg-gallery-thumbnail-box\" \n\t\t\t\t\t\t\t\t\t\t\t>\n\t\t\t\t\t\t<div class=\"ngg-gallery-thumbnail\">\n\t\t\t<a href=\"https:\/\/www.villareuter.fi\/wordpress\/wp-content\/gallery\/pienveneet\/img_6251.jpg\"\n\t\t\t\ttitle=\" \"\n\t\t\t\tdata-src=\"https:\/\/www.villareuter.fi\/wordpress\/wp-content\/gallery\/pienveneet\/img_6251.jpg\"\n\t\t\t\tdata-thumbnail=\"https:\/\/www.villareuter.fi\/wordpress\/wp-content\/gallery\/pienveneet\/thumbs\/thumbs_img_6251.jpg\"\n\t\t\t\tdata-image-id=\"202\"\n\t\t\t\tdata-title=\"img_6251\"\n\t\t\t\tdata-description=\" \"\n\t\t\t\tdata-image-slug=\"img_6251\"\n\t\t\t\tclass=\"ngg-fancybox\" rel=\"3001d8c8ef5c9a654dcb02d44faaabec\">\n\t\t\t\t<img\n\t\t\t\t\ttitle=\"img_6251\"\n\t\t\t\t\talt=\"img_6251\"\n\t\t\t\t\tsrc=\"https:\/\/www.villareuter.fi\/wordpress\/wp-content\/gallery\/pienveneet\/thumbs\/thumbs_img_6251.jpg\"\n\t\t\t\t\twidth=\"120\"\n\t\t\t\t\theight=\"90\"\n\t\t\t\t\tstyle=\"max-width:100%;\"\n\t\t\t\t\/>\n\t\t\t<\/a>\n\t\t<\/div>\n\t\t\t\t\t\t\t<\/div> \n\t\t\t\n\t\t\n\t\t\t\t<div id=\"ngg-image-8\" class=\"ngg-gallery-thumbnail-box\" \n\t\t\t\t\t\t\t\t\t\t\t>\n\t\t\t\t\t\t<div class=\"ngg-gallery-thumbnail\">\n\t\t\t<a href=\"https:\/\/www.villareuter.fi\/wordpress\/wp-content\/gallery\/pienveneet\/img_6275.jpg\"\n\t\t\t\ttitle=\" \"\n\t\t\t\tdata-src=\"https:\/\/www.villareuter.fi\/wordpress\/wp-content\/gallery\/pienveneet\/img_6275.jpg\"\n\t\t\t\tdata-thumbnail=\"https:\/\/www.villareuter.fi\/wordpress\/wp-content\/gallery\/pienveneet\/thumbs\/thumbs_img_6275.jpg\"\n\t\t\t\tdata-image-id=\"203\"\n\t\t\t\tdata-title=\"img_6275\"\n\t\t\t\tdata-description=\" \"\n\t\t\t\tdata-image-slug=\"img_6275\"\n\t\t\t\tclass=\"ngg-fancybox\" rel=\"3001d8c8ef5c9a654dcb02d44faaabec\">\n\t\t\t\t<img\n\t\t\t\t\ttitle=\"img_6275\"\n\t\t\t\t\talt=\"img_6275\"\n\t\t\t\t\tsrc=\"https:\/\/www.villareuter.fi\/wordpress\/wp-content\/gallery\/pienveneet\/thumbs\/thumbs_img_6275.jpg\"\n\t\t\t\t\twidth=\"120\"\n\t\t\t\t\theight=\"90\"\n\t\t\t\t\tstyle=\"max-width:100%;\"\n\t\t\t\t\/>\n\t\t\t<\/a>\n\t\t<\/div>\n\t\t\t\t\t\t\t<\/div> \n\t\t\t\n\t\t\n\t\t\t\t<div id=\"ngg-image-9\" class=\"ngg-gallery-thumbnail-box\" \n\t\t\t\t\t\t\t\t\t\t\t>\n\t\t\t\t\t\t<div class=\"ngg-gallery-thumbnail\">\n\t\t\t<a href=\"https:\/\/www.villareuter.fi\/wordpress\/wp-content\/gallery\/pienveneet\/img_6276.jpg\"\n\t\t\t\ttitle=\" \"\n\t\t\t\tdata-src=\"https:\/\/www.villareuter.fi\/wordpress\/wp-content\/gallery\/pienveneet\/img_6276.jpg\"\n\t\t\t\tdata-thumbnail=\"https:\/\/www.villareuter.fi\/wordpress\/wp-content\/gallery\/pienveneet\/thumbs\/thumbs_img_6276.jpg\"\n\t\t\t\tdata-image-id=\"204\"\n\t\t\t\tdata-title=\"img_6276\"\n\t\t\t\tdata-description=\" \"\n\t\t\t\tdata-image-slug=\"img_6276\"\n\t\t\t\tclass=\"ngg-fancybox\" rel=\"3001d8c8ef5c9a654dcb02d44faaabec\">\n\t\t\t\t<img\n\t\t\t\t\ttitle=\"img_6276\"\n\t\t\t\t\talt=\"img_6276\"\n\t\t\t\t\tsrc=\"https:\/\/www.villareuter.fi\/wordpress\/wp-content\/gallery\/pienveneet\/thumbs\/thumbs_img_6276.jpg\"\n\t\t\t\t\twidth=\"120\"\n\t\t\t\t\theight=\"90\"\n\t\t\t\t\tstyle=\"max-width:100%;\"\n\t\t\t\t\/>\n\t\t\t<\/a>\n\t\t<\/div>\n\t\t\t\t\t\t\t<\/div> \n\t\t\t\n\t\t\n\t\t\t\t<div id=\"ngg-image-10\" class=\"ngg-gallery-thumbnail-box\" \n\t\t\t\t\t\t\t\t\t\t\t>\n\t\t\t\t\t\t<div class=\"ngg-gallery-thumbnail\">\n\t\t\t<a href=\"https:\/\/www.villareuter.fi\/wordpress\/wp-content\/gallery\/pienveneet\/img_6607.jpg\"\n\t\t\t\ttitle=\" \"\n\t\t\t\tdata-src=\"https:\/\/www.villareuter.fi\/wordpress\/wp-content\/gallery\/pienveneet\/img_6607.jpg\"\n\t\t\t\tdata-thumbnail=\"https:\/\/www.villareuter.fi\/wordpress\/wp-content\/gallery\/pienveneet\/thumbs\/thumbs_img_6607.jpg\"\n\t\t\t\tdata-image-id=\"205\"\n\t\t\t\tdata-title=\"img_6607\"\n\t\t\t\tdata-description=\" \"\n\t\t\t\tdata-image-slug=\"img_6607\"\n\t\t\t\tclass=\"ngg-fancybox\" rel=\"3001d8c8ef5c9a654dcb02d44faaabec\">\n\t\t\t\t<img\n\t\t\t\t\ttitle=\"img_6607\"\n\t\t\t\t\talt=\"img_6607\"\n\t\t\t\t\tsrc=\"https:\/\/www.villareuter.fi\/wordpress\/wp-content\/gallery\/pienveneet\/thumbs\/thumbs_img_6607.jpg\"\n\t\t\t\t\twidth=\"120\"\n\t\t\t\t\theight=\"90\"\n\t\t\t\t\tstyle=\"max-width:100%;\"\n\t\t\t\t\/>\n\t\t\t<\/a>\n\t\t<\/div>\n\t\t\t\t\t\t\t<\/div> \n\t\t\t\n\t\t\n\t\t\n\t\t<!-- Pagination -->\n\t\t<div class='ngg-clear'><\/div>\t<\/div>\n\n","protected":false},"excerpt":{"rendered":"<p>P\u00c4IV\u00c4 MERELL\u00c4 Veneet&#8212;&#8211;Kuljetus&#8212;&#8211;Purjehdus &nbsp; &nbsp; &nbsp; &nbsp; &nbsp; &nbsp; &nbsp; Mik\u00e4li haluat viett\u00e4\u00e4 osan p\u00e4iv\u00e4st\u00e4si merell\u00e4 tarjoamme siihen monta vaihtoehtoa<\/p>\n","protected":false},"author":1,"featured_media":0,"parent":0,"menu_order":4,"comment_status":"closed","ping_status":"closed","template":"","meta":{"om_disable_all_campaigns":false,"_monsterinsights_skip_tracking":false,"_monsterinsights_sitenote_active":false,"_monsterinsights_sitenote_note":"","_monsterinsights_sitenote_category":0,"_uf_show_specific_survey":0,"_uf_disable_surveys":false,"ngg_post_thumbnail":0,"footnotes":""},"_links":{"self":[{"href":"https:\/\/www.villareuter.fi\/wordpress\/wp-json\/wp\/v2\/pages\/74"}],"collection":[{"href":"https:\/\/www.villareuter.fi\/wordpress\/wp-json\/wp\/v2\/pages"}],"about":[{"href":"https:\/\/www.villareuter.fi\/wordpress\/wp-json\/wp\/v2\/types\/page"}],"author":[{"embeddable":true,"href":"https:\/\/www.villareuter.fi\/wordpress\/wp-json\/wp\/v2\/users\/1"}],"replies":[{"embeddable":true,"href":"https:\/\/www.villareuter.fi\/wordpress\/wp-json\/wp\/v2\/comments?post=74"}],"version-history":[{"count":7,"href":"https:\/\/www.villareuter.fi\/wordpress\/wp-json\/wp\/v2\/pages\/74\/revisions"}],"predecessor-version":[{"id":366,"href":"https:\/\/www.villareuter.fi\/wordpress\/wp-json\/wp\/v2\/pages\/74\/revisions\/366"}],"wp:attachment":[{"href":"https:\/\/www.villareuter.fi\/wordpress\/wp-json\/wp\/v2\/media?parent=74"}],"curies":[{"name":"wp","href":"https:\/\/api.w.org\/{rel}","templated":true}]}}