{"id":1806,"date":"2022-02-23T16:05:26","date_gmt":"2022-02-23T14:05:26","guid":{"rendered":"http:\/\/www.villareuter.fi\/wordpress\/majoitustila\/north-apartment\/"},"modified":"2022-12-22T11:26:16","modified_gmt":"2022-12-22T09:26:16","slug":"north-apartment","status":"publish","type":"page","link":"https:\/\/www.villareuter.fi\/wordpress\/majoitustila\/north-apartment\/?lang=sv","title":{"rendered":"North Apartment"},"content":{"rendered":"\n<p><a href=\"http:\/\/www.villareuter.fi\/wordpress\/majoitustila\/?lang=sv\">Majoitustilat<\/a> &#8211; <a href=\"http:\/\/www.villareuter.fi\/wordpress\/majoitustila\/south-apartment\/?lang=sv\">South apartment<\/a> &#8211; <a href=\"http:\/\/www.villareuter.fi\/wordpress\/majoitustila\/the-shed\/?lang=sv\">The Shed<\/a> &#8211; <a href=\"http:\/\/www.villareuter.fi\/wordpress\/majoitustila\/bedroom-for-2-in-bistro\/?lang=sv\">Bedroom for 2 in Bistro<\/a> &#8211; <a href=\"http:\/\/www.villareuter.fi\/wordpress\/majoitustila\/tentsil\/?lang=sv\">Tentsil<\/a><\/p>\n\n\n\n<p>&nbsp;<\/p>\n<p>&nbsp;<\/p>\n<p>Den st\u00f6rre 70m2 Norra l\u00e4genhetet med 2 sovrum \u00e4r anpassad f\u00f6r 4-5 personer<\/p>\n<ul>\n<li>Det mindre sovrummet har en dubbelb\u00e4dd 1,6m som kan delas till 2 singelb\u00e4ddar<\/li>\n<li>Det st\u00f6rre sovrummet har en dubbelb\u00e4dd (1,6m) som kan delas till 2 singelb\u00e4ddar Dessutom finns en extra b\u00e4dd I det h\u00e4r sovrummet<\/li>\n<li>I vardagsrummet finns en sofa som kan b\u00e4ddas till en extra b\u00e4dd<\/li>\n<\/ul>\n<p><a href=\"http:\/\/www.villareuter.fi\/wordpress\/wp-content\/uploads\/North-apartment.png\"><img loading=\"lazy\" decoding=\"async\" class=\"alignnone size-medium wp-image-1583\" src=\"http:\/\/www.villareuter.fi\/wordpress\/wp-content\/uploads\/North-apartment-289x300.png\" alt=\"\" width=\"289\" height=\"300\" srcset=\"https:\/\/www.villareuter.fi\/wordpress\/wp-content\/uploads\/North-apartment-289x300.png 289w, https:\/\/www.villareuter.fi\/wordpress\/wp-content\/uploads\/North-apartment-987x1024.png 987w, https:\/\/www.villareuter.fi\/wordpress\/wp-content\/uploads\/North-apartment-768x797.png 768w, https:\/\/www.villareuter.fi\/wordpress\/wp-content\/uploads\/North-apartment-145x150.png 145w, https:\/\/www.villareuter.fi\/wordpress\/wp-content\/uploads\/North-apartment.png 1400w\" sizes=\"(max-width: 289px) 100vw, 289px\" \/><\/a><\/p>\n<p><a href=\"http:\/\/www.villareuter.fi\/wordpress\/wp-content\/uploads\/IMG_1270-1.jpg\"><img loading=\"lazy\" decoding=\"async\" class=\"alignnone  wp-image-1151\" src=\"http:\/\/www.villareuter.fi\/wordpress\/wp-content\/uploads\/IMG_1270-1-300x200.jpg\" alt=\"\" width=\"269\" height=\"179\" srcset=\"https:\/\/www.villareuter.fi\/wordpress\/wp-content\/uploads\/IMG_1270-1-300x200.jpg 300w, https:\/\/www.villareuter.fi\/wordpress\/wp-content\/uploads\/IMG_1270-1-768x512.jpg 768w, https:\/\/www.villareuter.fi\/wordpress\/wp-content\/uploads\/IMG_1270-1-1024x683.jpg 1024w, https:\/\/www.villareuter.fi\/wordpress\/wp-content\/uploads\/IMG_1270-1-150x100.jpg 150w, https:\/\/www.villareuter.fi\/wordpress\/wp-content\/uploads\/IMG_1270-1-225x150.jpg 225w\" sizes=\"(max-width: 269px) 100vw, 269px\" \/><\/a> <a href=\"http:\/\/www.villareuter.fi\/wordpress\/wp-content\/uploads\/IMG_1302-1.jpg\"><img loading=\"lazy\" decoding=\"async\" class=\"alignnone  wp-image-1152\" src=\"http:\/\/www.villareuter.fi\/wordpress\/wp-content\/uploads\/IMG_1302-1-300x200.jpg\" alt=\"\" width=\"268\" height=\"178\" srcset=\"https:\/\/www.villareuter.fi\/wordpress\/wp-content\/uploads\/IMG_1302-1-300x200.jpg 300w, https:\/\/www.villareuter.fi\/wordpress\/wp-content\/uploads\/IMG_1302-1-768x512.jpg 768w, https:\/\/www.villareuter.fi\/wordpress\/wp-content\/uploads\/IMG_1302-1-1024x683.jpg 1024w, https:\/\/www.villareuter.fi\/wordpress\/wp-content\/uploads\/IMG_1302-1-150x100.jpg 150w, https:\/\/www.villareuter.fi\/wordpress\/wp-content\/uploads\/IMG_1302-1-225x150.jpg 225w\" sizes=\"(max-width: 268px) 100vw, 268px\" \/><\/a><a href=\"http:\/\/www.villareuter.fi\/wordpress\/wp-content\/uploads\/2018-01-30-13.01.59.jpg\"><img loading=\"lazy\" decoding=\"async\" class=\"alignnone  wp-image-1149\" src=\"http:\/\/www.villareuter.fi\/wordpress\/wp-content\/uploads\/2018-01-30-13.01.59-300x225.jpg\" alt=\"\" width=\"239\" height=\"179\" srcset=\"https:\/\/www.villareuter.fi\/wordpress\/wp-content\/uploads\/2018-01-30-13.01.59-300x225.jpg 300w, https:\/\/www.villareuter.fi\/wordpress\/wp-content\/uploads\/2018-01-30-13.01.59-768x576.jpg 768w, https:\/\/www.villareuter.fi\/wordpress\/wp-content\/uploads\/2018-01-30-13.01.59-1024x768.jpg 1024w, https:\/\/www.villareuter.fi\/wordpress\/wp-content\/uploads\/2018-01-30-13.01.59-150x113.jpg 150w, https:\/\/www.villareuter.fi\/wordpress\/wp-content\/uploads\/2018-01-30-13.01.59-800x600.jpg 800w, https:\/\/www.villareuter.fi\/wordpress\/wp-content\/uploads\/2018-01-30-13.01.59-200x150.jpg 200w\" sizes=\"(max-width: 239px) 100vw, 239px\" \/><\/a><\/p>\n<p><a href=\"http:\/\/www.villareuter.fi\/wordpress\/wp-content\/uploads\/2018-01-30-13.01.12.jpg\"><img loading=\"lazy\" decoding=\"async\" class=\"alignnone  wp-image-1148\" src=\"http:\/\/www.villareuter.fi\/wordpress\/wp-content\/uploads\/2018-01-30-13.01.12-225x300.jpg\" alt=\"\" width=\"161\" height=\"215\" srcset=\"https:\/\/www.villareuter.fi\/wordpress\/wp-content\/uploads\/2018-01-30-13.01.12-225x300.jpg 225w, https:\/\/www.villareuter.fi\/wordpress\/wp-content\/uploads\/2018-01-30-13.01.12-768x1024.jpg 768w, https:\/\/www.villareuter.fi\/wordpress\/wp-content\/uploads\/2018-01-30-13.01.12-113x150.jpg 113w\" sizes=\"(max-width: 161px) 100vw, 161px\" \/><\/a> <a href=\"http:\/\/www.villareuter.fi\/wordpress\/wp-content\/uploads\/IMG_3655.jpg\"><img loading=\"lazy\" decoding=\"async\" class=\"alignnone  wp-image-1145\" src=\"http:\/\/www.villareuter.fi\/wordpress\/wp-content\/uploads\/IMG_3655-300x200.jpg\" alt=\"\" width=\"324\" height=\"216\" srcset=\"https:\/\/www.villareuter.fi\/wordpress\/wp-content\/uploads\/IMG_3655-300x200.jpg 300w, https:\/\/www.villareuter.fi\/wordpress\/wp-content\/uploads\/IMG_3655-768x512.jpg 768w, https:\/\/www.villareuter.fi\/wordpress\/wp-content\/uploads\/IMG_3655-1024x683.jpg 1024w, https:\/\/www.villareuter.fi\/wordpress\/wp-content\/uploads\/IMG_3655-150x100.jpg 150w, https:\/\/www.villareuter.fi\/wordpress\/wp-content\/uploads\/IMG_3655-225x150.jpg 225w\" sizes=\"(max-width: 324px) 100vw, 324px\" \/> <\/a><a href=\"http:\/\/www.villareuter.fi\/wordpress\/wp-content\/uploads\/IMG_3656.jpg\"><img loading=\"lazy\" decoding=\"async\" class=\"alignnone  wp-image-1144\" src=\"http:\/\/www.villareuter.fi\/wordpress\/wp-content\/uploads\/IMG_3656-300x200.jpg\" alt=\"\" width=\"327\" height=\"218\" srcset=\"https:\/\/www.villareuter.fi\/wordpress\/wp-content\/uploads\/IMG_3656-300x200.jpg 300w, https:\/\/www.villareuter.fi\/wordpress\/wp-content\/uploads\/IMG_3656-768x512.jpg 768w, https:\/\/www.villareuter.fi\/wordpress\/wp-content\/uploads\/IMG_3656-1024x683.jpg 1024w, https:\/\/www.villareuter.fi\/wordpress\/wp-content\/uploads\/IMG_3656-150x100.jpg 150w, https:\/\/www.villareuter.fi\/wordpress\/wp-content\/uploads\/IMG_3656-225x150.jpg 225w\" sizes=\"(max-width: 327px) 100vw, 327px\" \/><\/a><\/p>\n","protected":false},"excerpt":{"rendered":"<p>Majoitustilat &#8211; South apartment &#8211; The Shed &#8211; Bedroom for 2 in Bistro &#8211; Tentsil &nbsp; &nbsp; Den st\u00f6rre 70m2 Norra l\u00e4genhetet med 2 sovrum \u00e4r anpassad f\u00f6r 4-5 personer \u2026 <a class=\"continue-reading-link\" href=\"https:\/\/www.villareuter.fi\/wordpress\/majoitustila\/north-apartment\/?lang=sv\">Lue lis\u00e4\u00e4 <span class=\"meta-nav\">&rarr; <\/span><\/a><\/p>\n","protected":false},"author":1,"featured_media":0,"parent":816,"menu_order":2,"comment_status":"closed","ping_status":"closed","template":"","meta":{"om_disable_all_campaigns":false,"_monsterinsights_skip_tracking":false,"_monsterinsights_sitenote_active":false,"_monsterinsights_sitenote_note":"","_monsterinsights_sitenote_category":0,"_uf_show_specific_survey":0,"_uf_disable_surveys":false,"ngg_post_thumbnail":0,"footnotes":""},"_links":{"self":[{"href":"https:\/\/www.villareuter.fi\/wordpress\/wp-json\/wp\/v2\/pages\/1806"}],"collection":[{"href":"https:\/\/www.villareuter.fi\/wordpress\/wp-json\/wp\/v2\/pages"}],"about":[{"href":"https:\/\/www.villareuter.fi\/wordpress\/wp-json\/wp\/v2\/types\/page"}],"author":[{"embeddable":true,"href":"https:\/\/www.villareuter.fi\/wordpress\/wp-json\/wp\/v2\/users\/1"}],"replies":[{"embeddable":true,"href":"https:\/\/www.villareuter.fi\/wordpress\/wp-json\/wp\/v2\/comments?post=1806"}],"version-history":[{"count":2,"href":"https:\/\/www.villareuter.fi\/wordpress\/wp-json\/wp\/v2\/pages\/1806\/revisions"}],"predecessor-version":[{"id":1858,"href":"https:\/\/www.villareuter.fi\/wordpress\/wp-json\/wp\/v2\/pages\/1806\/revisions\/1858"}],"up":[{"embeddable":true,"href":"https:\/\/www.villareuter.fi\/wordpress\/wp-json\/wp\/v2\/pages\/816"}],"wp:attachment":[{"href":"https:\/\/www.villareuter.fi\/wordpress\/wp-json\/wp\/v2\/media?parent=1806"}],"curies":[{"name":"wp","href":"https:\/\/api.w.org\/{rel}","templated":true}]}}