{"id":1799,"date":"2022-02-23T16:50:17","date_gmt":"2022-02-23T14:50:17","guid":{"rendered":"http:\/\/www.villareuter.fi\/wordpress\/majoitustila\/bedroom-for-2-in-bistro\/"},"modified":"2022-12-22T08:52:11","modified_gmt":"2022-12-22T06:52:11","slug":"bedroom-for-2-in-bistro","status":"publish","type":"page","link":"https:\/\/www.villareuter.fi\/wordpress\/majoitustila\/bedroom-for-2-in-bistro\/?lang=sv","title":{"rendered":"Sovrum f\u00f6r 2 p\u00e5 BISTRONS andra v\u00e5ning"},"content":{"rendered":"\n<p><a href=\"http:\/\/www.villareuter.fi\/wordpress\/majoitustila\/?lang=sv\">Majoitustilat<\/a> &#8211; <a href=\"https:\/\/www.villareuter.fi\/wordpress\/majoitustilat-turun-saaristossa\/south-apartment\/\">South apartment<\/a> &#8211; <a href=\"https:\/\/www.villareuter.fi\/wordpress\/majoitustilat-turun-saaristossa\/north-apartment\/\">North apartment<\/a> &#8211; <a href=\"https:\/\/www.villareuter.fi\/wordpress\/majoitustilat-turun-saaristossa\/the-shed\/\">The Shed<\/a> &#8211; <a href=\"http:\/\/www.villareuter.fi\/wordpress\/majoitustila\/tentsil\/?lang=sv\">Tentsil<\/a><\/p>\n\n\n\n<p>I s\u00f6dra \u00e4ndan av byggnaden p\u00e5 \u00f6vre plan ett sovrum f\u00f6r 2 med egen toalett. P\u00e5 nedre plan I Bistron en dush&amp;toalett som inte anv\u00e4nds av andra d\u00e5 sovrummet \u00e4r uthyrt.<\/p>\n<p><a href=\"http:\/\/www.villareuter.fi\/wordpress\/wp-content\/uploads\/IMG_20210622_092342-scaled.jpeg\"><img loading=\"lazy\" decoding=\"async\" class=\"alignnone size-medium wp-image-1610\" src=\"http:\/\/www.villareuter.fi\/wordpress\/wp-content\/uploads\/IMG_20210622_092342-225x300.jpeg\" alt=\"\" width=\"225\" height=\"300\" srcset=\"https:\/\/www.villareuter.fi\/wordpress\/wp-content\/uploads\/IMG_20210622_092342-225x300.jpeg 225w, https:\/\/www.villareuter.fi\/wordpress\/wp-content\/uploads\/IMG_20210622_092342-768x1024.jpeg 768w, https:\/\/www.villareuter.fi\/wordpress\/wp-content\/uploads\/IMG_20210622_092342-1152x1536.jpeg 1152w, https:\/\/www.villareuter.fi\/wordpress\/wp-content\/uploads\/IMG_20210622_092342-1536x2048.jpeg 1536w, https:\/\/www.villareuter.fi\/wordpress\/wp-content\/uploads\/IMG_20210622_092342-113x150.jpeg 113w, https:\/\/www.villareuter.fi\/wordpress\/wp-content\/uploads\/IMG_20210622_092342-scaled.jpeg 1920w\" sizes=\"(max-width: 225px) 100vw, 225px\" \/><\/a> <a href=\"http:\/\/www.villareuter.fi\/wordpress\/wp-content\/uploads\/IMG_20210622_092206-scaled.jpeg\"><img loading=\"lazy\" decoding=\"async\" class=\"alignnone size-medium wp-image-1272\" src=\"http:\/\/www.villareuter.fi\/wordpress\/wp-content\/uploads\/IMG_20210622_092206-225x300.jpeg\" alt=\"\" width=\"225\" height=\"300\" srcset=\"https:\/\/www.villareuter.fi\/wordpress\/wp-content\/uploads\/IMG_20210622_092206-225x300.jpeg 225w, https:\/\/www.villareuter.fi\/wordpress\/wp-content\/uploads\/IMG_20210622_092206-768x1024.jpeg 768w, https:\/\/www.villareuter.fi\/wordpress\/wp-content\/uploads\/IMG_20210622_092206-1152x1536.jpeg 1152w, https:\/\/www.villareuter.fi\/wordpress\/wp-content\/uploads\/IMG_20210622_092206-1536x2048.jpeg 1536w, https:\/\/www.villareuter.fi\/wordpress\/wp-content\/uploads\/IMG_20210622_092206-113x150.jpeg 113w, https:\/\/www.villareuter.fi\/wordpress\/wp-content\/uploads\/IMG_20210622_092206-scaled.jpeg 1920w\" sizes=\"(max-width: 225px) 100vw, 225px\" \/><\/a><a href=\"http:\/\/www.villareuter.fi\/wordpress\/wp-content\/uploads\/IMG_20210622_092236-1-scaled.jpeg\"> <img loading=\"lazy\" decoding=\"async\" class=\"alignnone size-medium wp-image-1697\" src=\"http:\/\/www.villareuter.fi\/wordpress\/wp-content\/uploads\/IMG_20210622_092236-1-225x300.jpeg\" alt=\"\" width=\"225\" height=\"300\" srcset=\"https:\/\/www.villareuter.fi\/wordpress\/wp-content\/uploads\/IMG_20210622_092236-1-225x300.jpeg 225w, https:\/\/www.villareuter.fi\/wordpress\/wp-content\/uploads\/IMG_20210622_092236-1-768x1024.jpeg 768w, https:\/\/www.villareuter.fi\/wordpress\/wp-content\/uploads\/IMG_20210622_092236-1-1152x1536.jpeg 1152w, https:\/\/www.villareuter.fi\/wordpress\/wp-content\/uploads\/IMG_20210622_092236-1-1536x2048.jpeg 1536w, https:\/\/www.villareuter.fi\/wordpress\/wp-content\/uploads\/IMG_20210622_092236-1-113x150.jpeg 113w, https:\/\/www.villareuter.fi\/wordpress\/wp-content\/uploads\/IMG_20210622_092236-1-scaled.jpeg 1920w\" sizes=\"(max-width: 225px) 100vw, 225px\" \/><\/a> <a href=\"http:\/\/www.villareuter.fi\/wordpress\/wp-content\/uploads\/IMG_20210622_092436-2-scaled.jpeg\"><img loading=\"lazy\" decoding=\"async\" class=\"alignnone  wp-image-1700\" src=\"http:\/\/www.villareuter.fi\/wordpress\/wp-content\/uploads\/IMG_20210622_092436-2-300x225.jpeg\" alt=\"\" width=\"349\" height=\"262\" srcset=\"https:\/\/www.villareuter.fi\/wordpress\/wp-content\/uploads\/IMG_20210622_092436-2-300x225.jpeg 300w, https:\/\/www.villareuter.fi\/wordpress\/wp-content\/uploads\/IMG_20210622_092436-2-1024x768.jpeg 1024w, https:\/\/www.villareuter.fi\/wordpress\/wp-content\/uploads\/IMG_20210622_092436-2-768x576.jpeg 768w, https:\/\/www.villareuter.fi\/wordpress\/wp-content\/uploads\/IMG_20210622_092436-2-1536x1152.jpeg 1536w, https:\/\/www.villareuter.fi\/wordpress\/wp-content\/uploads\/IMG_20210622_092436-2-2048x1536.jpeg 2048w, https:\/\/www.villareuter.fi\/wordpress\/wp-content\/uploads\/IMG_20210622_092436-2-150x113.jpeg 150w, https:\/\/www.villareuter.fi\/wordpress\/wp-content\/uploads\/IMG_20210622_092436-2-800x600.jpeg 800w, https:\/\/www.villareuter.fi\/wordpress\/wp-content\/uploads\/IMG_20210622_092436-2-200x150.jpeg 200w\" sizes=\"(max-width: 349px) 100vw, 349px\" \/><\/a> <a href=\"http:\/\/www.villareuter.fi\/wordpress\/wp-content\/uploads\/IMG_20210622_091816-scaled.jpeg\"><img loading=\"lazy\" decoding=\"async\" class=\"alignnone  wp-image-1266\" src=\"http:\/\/www.villareuter.fi\/wordpress\/wp-content\/uploads\/IMG_20210622_091816-300x225.jpeg\" alt=\"\" width=\"349\" height=\"262\" srcset=\"https:\/\/www.villareuter.fi\/wordpress\/wp-content\/uploads\/IMG_20210622_091816-300x225.jpeg 300w, https:\/\/www.villareuter.fi\/wordpress\/wp-content\/uploads\/IMG_20210622_091816-1024x768.jpeg 1024w, https:\/\/www.villareuter.fi\/wordpress\/wp-content\/uploads\/IMG_20210622_091816-768x576.jpeg 768w, https:\/\/www.villareuter.fi\/wordpress\/wp-content\/uploads\/IMG_20210622_091816-1536x1152.jpeg 1536w, https:\/\/www.villareuter.fi\/wordpress\/wp-content\/uploads\/IMG_20210622_091816-2048x1536.jpeg 2048w, https:\/\/www.villareuter.fi\/wordpress\/wp-content\/uploads\/IMG_20210622_091816-150x113.jpeg 150w, https:\/\/www.villareuter.fi\/wordpress\/wp-content\/uploads\/IMG_20210622_091816-800x600.jpeg 800w, https:\/\/www.villareuter.fi\/wordpress\/wp-content\/uploads\/IMG_20210622_091816-200x150.jpeg 200w\" sizes=\"(max-width: 349px) 100vw, 349px\" \/><\/a><\/p>\n","protected":false},"excerpt":{"rendered":"<p>Majoitustilat &#8211; South apartment &#8211; North apartment &#8211; The Shed &#8211; Tentsil I s\u00f6dra \u00e4ndan av byggnaden p\u00e5 \u00f6vre plan ett sovrum f\u00f6r 2 med egen toalett. P\u00e5 nedre plan \u2026 <a class=\"continue-reading-link\" href=\"https:\/\/www.villareuter.fi\/wordpress\/majoitustila\/bedroom-for-2-in-bistro\/?lang=sv\">Lue lis\u00e4\u00e4 <span class=\"meta-nav\">&rarr; <\/span><\/a><\/p>\n","protected":false},"author":1,"featured_media":0,"parent":816,"menu_order":4,"comment_status":"closed","ping_status":"closed","template":"","meta":{"om_disable_all_campaigns":false,"_monsterinsights_skip_tracking":false,"_monsterinsights_sitenote_active":false,"_monsterinsights_sitenote_note":"","_monsterinsights_sitenote_category":0,"_uf_show_specific_survey":0,"_uf_disable_surveys":false,"ngg_post_thumbnail":0,"footnotes":""},"_links":{"self":[{"href":"https:\/\/www.villareuter.fi\/wordpress\/wp-json\/wp\/v2\/pages\/1799"}],"collection":[{"href":"https:\/\/www.villareuter.fi\/wordpress\/wp-json\/wp\/v2\/pages"}],"about":[{"href":"https:\/\/www.villareuter.fi\/wordpress\/wp-json\/wp\/v2\/types\/page"}],"author":[{"embeddable":true,"href":"https:\/\/www.villareuter.fi\/wordpress\/wp-json\/wp\/v2\/users\/1"}],"replies":[{"embeddable":true,"href":"https:\/\/www.villareuter.fi\/wordpress\/wp-json\/wp\/v2\/comments?post=1799"}],"version-history":[{"count":1,"href":"https:\/\/www.villareuter.fi\/wordpress\/wp-json\/wp\/v2\/pages\/1799\/revisions"}],"predecessor-version":[{"id":1813,"href":"https:\/\/www.villareuter.fi\/wordpress\/wp-json\/wp\/v2\/pages\/1799\/revisions\/1813"}],"up":[{"embeddable":true,"href":"https:\/\/www.villareuter.fi\/wordpress\/wp-json\/wp\/v2\/pages\/816"}],"wp:attachment":[{"href":"https:\/\/www.villareuter.fi\/wordpress\/wp-json\/wp\/v2\/media?parent=1799"}],"curies":[{"name":"wp","href":"https:\/\/api.w.org\/{rel}","templated":true}]}}